536. What is the remainder when q is divided by n?
13
Suppose 7*t = 9*t - 44. Calculate the remainder when 37 is divided by t.
15
Suppose -2*t = 3*n - 12, t - 4 = -t - n. Suppose t = -23*j + 18*j + 20. What is the remainder when j is divided by 2/4 - 3/(-2)?
0
Suppose 20 = -x + 5*x. Let b(v) = 5*v**2 - 5*v + 3. Calculate the remainder when b(x) is divided by 98/4 - (-3)/2.
25
Suppose 4*f = -2*v + 47 + 37, -3*f + 3*v = -54. Calculate the remainder when 117 is divided by f.
17
Suppose 0 = -5*g - 5*s + 6*s + 455, -2*g = -5*s - 182. What is the remainder when g is divided by 11?
3
Suppose -58*c = 20*c - 2418. What is the remainder when 304 is divided by c?
25
Suppose -5*u + 26 - 61 = 0. Let w = u + 25. What is the remainder when w is divided by 12?
6
Let m be (68/(-6))/((-6)/27). Let p = 13 + -11. Suppose -t - m = -2*g, 5*t - 23 = -2*g - p. What is the remainder when g is divided by 8?
7
What is the remainder when (10 - 234/(-21))/(2/28) is divided by 33?
32
Let q = 562 + -261. What is the remainder when q is divided by 38?
35
Let a = -206 + 235. What is the remainder when 90 is divided by a?
3
Suppose -336 = -6*k + 2*u, 0 = 4*k - u - 4*u - 213. Calculate the remainder when 1991 is divided by k.
53
Suppose -g - 576 = -3*m, 0 = -0*m + m - 3*g - 192. Suppose z - m = -70. Calculate the remainder when z is divided by 31.
29
Suppose 2*v - 176 = -0*v. Let x = 127 - v. Calculate the remainder when x is divided by 10/26*(52 + -26).
9
Let g = -4 + 90. Suppose -47 = 5*q - 202. Calculate the remainder when g is divided by q.
24
Let n be 2 - 6 - (-16 - 1). Let x be n/(-2) - 5/10. Let u(c) = 3*c**2 + 10*c + 11. What is the remainder when u(x) is divided by 30?
28
What is the remainder when (-2057)/(-7) + 426/(-497) is divided by 33?
29
Suppose 0 = 4*f - 9*f + 20. Let s(g) = 2*g - 21. Let d be s(15). Let c = d + -7. Calculate the remainder when f is divided by c.
0
Suppose 2*z - 5*d - 71 = -z, -4*d + 62 = 3*z. Suppose -2*f = -5*j + 3*j + 140, 3*j - 2*f - 205 = 0. What is the remainder when j is divided by z?
21
Suppose 9*g - 13319 = -10*g. What is the remainder when g is divided by 37?
35
Let w(t) = -t**3 - 2*t**2 - 4*t - 1. Let q be w(-2). Suppose 2*c + q*c - 108 = 0. What is the remainder when 28 is divided by c?
4
Suppose 5*p - 6 - 59 = 0. Suppose -5*v - 5*c + 2*c = -149, -v + p = -5*c. What is the remainder when 52 is divided by v?
24
Suppose 9*u - 5*u = 52. Let z = u + -2. Calculate the remainder when z is divided by 9.
2
Let a(k) = k**3 - 11*k**2 - 10*k + 13. Calculate the remainder when 76 is divided by a(12).
2
Let j be (543/(-6))/(2/(-4)). Let h = j + -83. Calculate the remainder when h is divided by 33.
32
Let q(n) = n**3 + 8*n**2 + 7*n - 8. Suppose 4*w + 84 = -10*w. What is the remainder when q(w) is divided by 12?
10
Let b = 13 - 26. Let v(p) = 2*p + 18. Let m be v(b). Let u = m + 16. What is the remainder when 29 is divided by u?
5
Let y(f) = f**2 - 3*f + 1. Let s be y(4). Let b be (-1 - s)*(-26)/4. Let o = b + -26. Calculate the remainder when 50 is divided by o.
11
Let j(i) = -i**3 - 18*i**2 - 6*i - 38. Calculate the remainder when j(-18) is divided by 22.
4
Suppose -5*r + 231 = h, 0*h = -2*r - 5*h + 97. Suppose -48*n + 49*n = 15. Let o = n + 2. Calculate the remainder when r is divided by o.
12
Let h be -1 + -1 - 12/(-3). Suppose -9 - 5 = -h*m. What is the remainder when m is divided by 6?
1
Let q be 2/4*(-37 + 21). Calculate the remainder when (1236/48)/((-2)/q) is divided by 29.
16
What is the remainder when (85 - (-6 + 2))/(0 + 1) is divided by 23?
20
Calculate the remainder when 397 is divided by (-4 - 1)/(395/(-10428)).
1
Suppose -1235 = 2*k + 3*k + 5*f, 2*k = 4*f - 470. Let h = k + 347. What is the remainder when h is divided by 21?
20
Suppose 3*f - 3*r - 408 = 0, 146 = 3*f - 2*f + 4*r. What is the remainder when f is divided by 44?
6
Suppose -3*c - 4*i + 117 = 0, -i = -3*c + 128 - 11. Suppose -12*g - c + 183 = 0. What is the remainder when g is divided by 7?
5
Let n(u) = -3*u**2 + 22*u - 5. Let m be n(7). Suppose 9 = -3*k, 3*t - m*k - 116 = -2*t. What is the remainder when t is divided by 12?
10
Suppose 15 = -2*w + 47. Let r = -107 - -169. Calculate the remainder when r is divided by w.
14
Suppose -8 - 7 = -3*m. Suppose m*p - 14 = -2*x - 0, 2*p - 12 = -4*x. Suppose p*y - 2*b = 0, b - 4 = -4*y + y. What is the remainder when 3 is divided by y?
0
Suppose -28 = -9*j + 2*j. Suppose 2*b - j*n - 20 = -0*n, n - 20 = -2*b. What is the remainder when 36 is divided by b?
6
Let t = 4416 + -4397. Suppose -2*c = -5*m + 2*c - 6, -2*m = 4*c + 8. What is the remainder when t is divided by (-11)/m + (-3)/6?
4
Suppose 4*b = 13*i - 11*i - 40, 3*i - b = 35. What is the remainder when i is divided by 4?
2
Suppose 1229 + 89 = 60*j - 2702. Suppose -3*y = 2*n - 676, 0 = -2*n + y + 396 + 264. Calculate the remainder when n is divided by j.
64
Suppose 0 = 4*g - q - 49, 4*g + q + 23 = 6*g. Calculate the remainder when 634 is divided by g.
10
Suppose 2*v + 2*v - 88 = 0. Calculate the remainder when v is divided by (20/(-48))/((-35)/420).
2
Suppose v = -0*v + 5, -30 = -5*s + 4*v. What is the remainder when 355 is divided by s?
5
Let b = -107 + 160. Calculate the remainder when 263 is divided by b.
51
Let b(y) = 2*y + 2. Let c be b(1). Let r = c + 1. What is the remainder when r*(156/15 - 2) is divided by 22?
20
Suppose 0 = -u + 236 + 157. Calculate the remainder when u is divided by 36.
33
Let v(d) = 13*d - 2. Let n(i) be the second derivative of -i**5/10 + 7*i**3/3 - 3*i**2/2 - 51*i. Calculate the remainder when n(-4) is divided by v(2).
21
Suppose -r + 5*w = 4, 5*r + 3*w + 20 = -2*w. Calculate the remainder when 32 is divided by 1/1*11 + (-2 - r).
6
Suppose -y = -3*a - 1024, 167*y = 165*y + 2*a + 2068. Calculate the remainder when y is divided by 13.
12
Suppose 0*z + z - 4*s - 45 = 0, -31 = -z - 3*s. Calculate the remainder when 101 is divided by z.
27
Let h(y) = 4*y**2 - y - 24. Calculate the remainder when 148 is divided by h(-3).
13
Suppose 0*k + 99 = 5*k + t, 0 = -4*k + 3*t + 83. Let g = k - -95. What is the remainder when g is divided by 40?
35
Let d(u) = -141*u - 945. Calculate the remainder when d(-8) is divided by 41.
19
Suppose 2*o - 42 = -8. Suppose -3*u - 4*w + o = 0, -2*u - 1 = u - 5*w. Suppose 3 = -h + 2*h. What is the remainder when u is divided by h?
0
Let b(m) = -m**2 + 19*m + 29. Suppose -19 = u - 59. Suppose -u = -2*h + 4*f, 2*f = -5*h + 84 + 16. Calculate the remainder when b(16) is divided by h.
17
Let m = 546 + -525. Let v be 2/5 + 1869/15. Let b = v - 64. Calculate the remainder when b is divided by m.
19
Let a(s) = -s**2 + 37*s - 73. What is the remainder when a(34) is divided by 19?
10
Let c = -222 - -226. Calculate the remainder when 13 is divided by c.
1
Suppose -3*k = -25 - 14. Let p(g) = g - 10. Let w be p(17). Suppose -237 = -4*f - 5*x, -2*f - 3*x + 124 = w. Calculate the remainder when f is divided by k.
11
Suppose -4*u - 4*d + 3192 = 0, -4*u - 4*d = u - 3995. What is the remainder when u is divided by 26?
23
Suppose -6*y + 126 = -2*y + 2*z, -39 = -y - 3*z. What is the remainder when 117 is divided by y?
27
Let n = 11 - 7. Suppose 0 = -5*c - n - 16. Let i(x) = -x**3 - 3*x**2 - 3. Calculate the remainder when 49 is divided by i(c).
10
Suppose 14*k - 81*k + 603 = 0. Calculate the remainder when 954/12 + 2/(-4) is divided by k.
7
Suppose 2*p + 2342 = 2356. What is the remainder when 18 is divided by p?
4
Suppose -8*b + 10*b - 10 = 0. Suppose -11*c + 48 = -b*c. Calculate the remainder when 30 is divided by c.
6
Suppose 0 = 31*j - 874 - 676. What is the remainder when j is divided by 9?
5
Let p = -264 - -268. What is the remainder when 68 is divided by p?
0
Suppose -50 - 118 = -17*q + 189. Let i = 14 - 6. What is the remainder when q is divided by i?
5
Calculate the remainder when 445 is divided by (-16)/((-30)/24 - -1).
61
Let q(t) = 4*t**3 - 10*t**2 - 7*t - 17. Let x(n) = -5*n**3 + 11*n**2 + 8*n + 17. Let f(g) = 4*q(g) + 3*x(g). Calculate the remainder when 57 is divided by f(8).
12
What is the remainder when 194 is divided by 3560/66 + 4/66?
32
Let s = -147 + 169. Calculate the remainder when 108 is divided by s.
20
Suppose -4*y - r = 113, 2*y = 3*y - 5*r + 23. Let s = y - -117. Let j = s - 34. Calculate the remainder when j is divi